me factors of 56?
2, 7
List the prime factors of 2453363.
11, 271, 823
List the prime factors of 67503.
3, 22501
What are the prime factors of 4094844?
2, 3, 13, 26249
List the prime factors of 4781250.
2, 3, 5, 17
What are the prime factors of 10583520?
2, 3, 5, 17, 1297
List the prime factors of 5168604.
2, 3, 7, 37, 1663
List the prime factors of 2907590.
2, 5, 7, 73, 569
What are the prime factors of 575335?
5, 115067
What are the prime factors of 435598?
2, 433, 503
What are the prime factors of 3782222?
2, 1891111
What are the prime factors of 290433?
3, 11, 13, 677
What are the prime factors of 18636940?
2, 5, 7, 133121
List the prime factors of 465467.
191, 2437
List the prime factors of 7328307.
3, 7, 31, 11257
List the prime factors of 2326703.
23, 101161
List the prime factors of 450764.
2, 112691
What are the prime factors of 353138?
2, 317, 557
List the prime factors of 7764.
2, 3, 647
List the prime factors of 9364235.
5, 1872847
What are the prime factors of 1151353?
7, 23497
List the prime factors of 601591.
601591
What are the prime factors of 3604266?
2, 3, 200237
List the prime factors of 242163.
3, 8969
What are the prime factors of 33420880?
2, 5, 113, 3697
List the prime factors of 75271.
7, 10753
What are the prime factors of 6696664?
2, 13, 19, 3389
List the prime factors of 2720379.
3, 906793
What are the prime factors of 2875054?
2, 7, 13, 15797
What are the prime factors of 169661?
169661
What are the prime factors of 781203?
3, 109, 2389
List the prime factors of 20398.
2, 7, 31, 47
What are the prime factors of 13474?
2, 6737
List the prime factors of 291252.
2, 3, 13, 1867
List the prime factors of 1135526.
2, 7, 11587
What are the prime factors of 168582?
2, 3, 28097
What are the prime factors of 23270783?
43, 541181
What are the prime factors of 7339099?
547, 13417
List the prime factors of 255268.
2, 13, 4909
What are the prime factors of 5471858?
2, 7, 17, 83, 277
List the prime factors of 3312356.
2, 97, 8537
What are the prime factors of 4809476?
2, 7, 29, 5923
List the prime factors of 4279317.
3, 7, 43, 677
List the prime factors of 1248016.
2, 7, 11, 1013
What are the prime factors of 909090?
2, 3, 5, 7, 13, 37
List the prime factors of 687537.
3, 79, 967
What are the prime factors of 2419208?
2, 11, 37, 743
What are the prime factors of 247883?
487, 509
List the prime factors of 32935237.
31, 1062427
What are the prime factors of 3139115?
5, 7, 89689
What are the prime factors of 6411116?
2, 163, 9833
What are the prime factors of 5124724?
2, 11, 116471
List the prime factors of 548720.
2, 5, 19
What are the prime factors of 14329455?
3, 5, 7, 136471
List the prime factors of 1732034.
2, 61, 14197
What are the prime factors of 4018262?
2, 547, 3673
List the prime factors of 169168.
2, 97, 109
What are the prime factors of 1137955?
5, 7, 13, 41, 61
What are the prime factors of 972388?
2, 283, 859
What are the prime factors of 17726?
2, 8863
List the prime factors of 62169.
3, 17, 23, 53
What are the prime factors of 4304197?
23, 187139
What are the prime factors of 986614?
2, 61, 8087
List the prime factors of 987030.
2, 3, 5, 11, 997
List the prime factors of 579527.
13, 44579
What are the prime factors of 68824?
2, 7, 1229
List the prime factors of 2182999.
7, 13, 23, 149
What are the prime factors of 11653371?
3, 1123, 1153
What are the prime factors of 70846?
2, 35423
List the prime factors of 9221751.
3, 7, 11, 1901
What are the prime factors of 558954?
2, 3, 11, 941
What are the prime factors of 1579631?
1579631
List the prime factors of 390913.
43, 9091
List the prime factors of 9320086.
2, 4660043
List the prime factors of 2858837.
419, 6823
List the prime factors of 2887231.
67, 43093
List the prime factors of 109067.
7, 15581
List the prime factors of 1782079.
13, 29, 163
What are the prime factors of 1300879?
43, 30253
What are the prime factors of 8549435?
5, 157, 10891
What are the prime factors of 319966?
2, 157, 1019
List the prime factors of 1372855.
5, 11, 109, 229
List the prime factors of 133509.
3, 191, 233
What are the prime factors of 311734?
2, 79, 1973
List the prime factors of 3433483.
1487, 2309
What are the prime factors of 13309768?
2, 1663721
What are the prime factors of 907229?
907229
List the prime factors of 1913861.
1913861
What are the prime factors of 1024233?
3, 7, 17, 19, 151
What are the prime factors of 1455535?
5, 291107
What are the prime factors of 2980664?
2, 229, 1627
List the prime factors of 3500830.
2, 5, 23, 31, 491
List the prime factors of 32169539.
37, 131, 6637
What are the prime factors of 25971109?
2437, 10657
List the prime factors of 5592995.
5, 1118599
List the prime factors of 78789.
3, 26263
List the prime factors of 1966381.
1966381
List the prime factors of 2723968.
2, 13, 1637
List the prime factors of 2131070.
2, 5, 103, 2069
List the prime factors of 775562.
2, 387781
List the prime factors of 75341.
7, 47, 229
What are the prime factors of 793142?
2, 7, 181, 313
What are the prime factors of 11151801?
3, 1239089
What are the prime factors of 352366?
2, 7, 25169
What are the prime factors of 3194466?
2, 3, 11, 29, 1669
List the prime factors of 4208711.
13, 43, 7529
List the prime factors of 303935.
5, 89, 683
List the prime factors of 302939.
7, 13, 3329
List the prime factors of 643740.
2, 3, 5, 10729
List the prime factors of 538264.
2, 61, 1103
What are the prime factors of 1590941?
11, 61, 2371
List the prime factors of 2808059.
2808059
What are the prime factors of 21349593?
3, 487, 4871
List the prime factors of 3340765.
5, 668153
What are the prime factors of 2446531?
157, 15583
What are the prime factors of 4258159?
193, 22063
What are the prime factors of 372289?
372289
List the prime factors of 3492302.
2, 11, 14431
What are the prime factors of 837062?
2, 23, 31, 587
What are the prime factors of 2820725?
5, 17, 6637
List the prime factors of 11067801.
3, 83, 44449
What are the prime factors of 9348861?
3, 17, 41, 263
List the prime factors of 11431437.
3, 23, 165673
What are the prime factors of 839475?
3, 5, 7, 13, 41
What are the prime factors of 10270972?
2, 23, 111641
What are the prime factors of 4188734?
2, 11, 47, 4051
What are the prime factors of 208666?
2, 101, 1033
What are the prime factors of 2556043?
7, 31, 11779
List the prime factors of 2711089.
2711089
List the prime factors of 2615185.
5, 41, 12757
List the prime factors of 1202652.
2, 3, 11, 3037
List the prime factors of 17833632.
2, 3, 185767
List the prime factors of 595025.
5, 23801
What are the prime factors of 23390515?
5, 4678103
List the prime factors of 2520079.
2520079
List the prime factors of 10453843.
10453843
What are the prime factors of 19268662?
2, 7, 97, 2027
List the prime factors of 731906.
2, 7, 23, 2273
What are the prime factors of 1213773?
3, 11, 36781
List the prime factors of 1350417.
3, 41, 10979
List the prime factors of 122245.
5, 23, 1063
What are the prime factors of 659101?
659101
What are the prime factors of 1877123?
17, 110419
What are the prime factors of 665855?
5, 19, 43, 163
List the prime factors of 13235793.
3, 107, 41233
What are the prime factors of 842117?
53, 15889
List the prime factors of 3861778.
2, 409, 4721
List the prime factors of 1731029.
109, 15881
List the prime factors of 19915727.
13, 811, 1889
What are the prime factors of 4123746?
2, 3, 11, 59, 353
What are the prime factors of 268985?
5, 23, 2339
List the prime factors of 912478.
2, 7, 9311
What are the prime factors of 19352700?
2, 3, 5, 21503
What are the prime factors of 5560?
2, 5, 139
List the prime factors of 11524140.
2, 3, 5, 21341
What are the prime factors of 353843?
7, 50549
List the prime factors of 396722.
2, 293, 677
List the prime factors of 555180.
2, 3, 5, 19, 487
What are the prime factors of 371306?
2, 13, 14281
List the prime factors of 75000.
2, 3, 5
List the prime factors of 2518378.
2, 31, 151, 269
List the prime factors of 150921.
3, 41, 409
What are the prime factors of 510004?
2, 11, 67, 173
List the prime factors of 631498.
2, 7, 43, 1049
What are the prime factors of 139313?
139313
What are the prime factors of 1618822?
2, 409, 1979
What are the prime factors of 473711?
7, 31, 37, 59
List the prime factors of 7418878.